factor of r and q.
14
Suppose -f + 61 = -79. Suppose 0 = 2*h + 2*h + f. Let o be 16/(-5)*h/14. Calculate the greatest common divisor of o and 2.
2
Let a(t) be the second derivative of 2*t - 3/2*t**2 + 0 - 1/20*t**5 + 1/2*t**3 + 1/3*t**4. Let q be a(-3). What is the greatest common factor of q and 17?
17
Let o(v) = v**2 + v - 5. Let f be o(-3). Suppose 2*w = 4*x - 22, 24 = 4*x + w - f. What is the greatest common factor of x and 30?
6
Suppose 3*z = 7*z - 24. Let h = 1861 + -1807. Calculate the highest common divisor of z and h.
6
Suppose 8*x - 1000 = -2*x. Let j = 191 + -95. Suppose 23 = m - 0*m - 2*t, 4*m - 4*t = j. What is the greatest common factor of m and x?
25
Let f = 2 + -67. Let h = 142 + f. Let r(s) = s**2 - 7*s - 33. Let y be r(11). What is the greatest common factor of h and y?
11
Let q(r) = -r**3 - 3*r**2 - r + 6. Let n be q(-4). What is the highest common factor of n and 325?
13
Let f(z) = -83*z + 43*z - 72 + 26*z. Let d be f(-7). What is the highest common divisor of 26 and d?
26
Suppose 0 = 37*y - 200 - 281. Let v(x) = 16*x**2 + x + 2. Let o be v(-3). What is the greatest common divisor of o and y?
13
Suppose 475 = -6*z + 751. What is the highest common factor of 23 and z?
23
Suppose -5*u + 16 + 59 = 0. What is the highest common factor of 15 and u?
15
Suppose -15*m + 11*m = -5*d - 9999, d = 5*m - 12483. What is the greatest common factor of 78 and m?
78
Let k = -153 + 238. What is the greatest common factor of 25 and k?
5
Let c be (48/14)/(1/42*6). Let b be 0 + 62/8 - (-6)/c. What is the highest common divisor of b and 40?
8
Let l be -72*((-35)/(-14) + -6). Calculate the highest common divisor of l and 63.
63
Suppose 930 = 4*r + 11*r. What is the highest common divisor of 155 and r?
31
Let n = 2 + -2. Let l = n + 77. Suppose 0*x - 3*p - 49 = -5*x, -x - 5*p + 21 = 0. What is the greatest common factor of x and l?
11
Let h be (-2558)/(-14) + 14/49 - -2. What is the greatest common factor of 111 and h?
37
Suppose 0 = l - 2*l + 72. What is the highest common divisor of 80 and l?
8
Let o(r) = -3*r**2 - 4*r - 2. Let y be o(-2). Let n = y - -14. What is the greatest common factor of 24 and n?
8
Suppose 8*d = 6*d + 4. Let f(o) = 14*o - 3. Let i be f(d). Let w be (4 - -1)/(0 - -1). Calculate the greatest common factor of w and i.
5
Let c = 2 - -2. Let n = 36 + c. What is the highest common factor of 360 and n?
40
Let h be ((3 - 2)/(-1)*0)/(-1). Suppose -131 = -4*u + 2*s + 3*s, h = -3*s + 3. Calculate the greatest common factor of u and 85.
17
Let q = -619 + 817. What is the greatest common factor of q and 286?
22
Let p be 6/(-21) - (-424)/14. Let x = 782 - 452. Calculate the highest common divisor of x and p.
30
Let d(n) = 2*n**2 + 12*n - 26. Let j be d(-8). Let p(m) = -3*m + 4*m**2 - 2 - 3 + 0. Let z be p(j). What is the highest common factor of 11 and z?
11
Suppose -2*t + 41*i + 108 = 40*i, 0 = -3*t - 4*i + 173. Calculate the greatest common factor of t and 77.
11
Let k be (-15)/(-55) + 4922/22. Calculate the greatest common factor of k and 182.
14
Suppose -6*q = -13*q + 28. Suppose -f - q*l = -5 - 8, 3*l + 128 = 4*f. Suppose -c + 5*c - 464 = 0. Calculate the highest common factor of f and c.
29
Suppose 7*p = 4 + 17. Let d be 0/((-9)/p) - -33. Let w(n) = -21*n**3 + n**2 + n + 1. Let i be w(-1). Calculate the greatest common factor of d and i.
11
Let v be (4/5)/(6/(-30)). Let o be ((-12)/15)/(v/70). Let t(c) = 4*c**2 + 7*c + 5. Let d be t(-5). What is the greatest common factor of o and d?
14
Let w = 39 + -36. Let a be 30/9*(w + 0). What is the greatest common factor of a and 10?
10
Let u be (-110)/(-6) - 1/3. Let h = -219 + 417. Calculate the highest common factor of h and u.
18
Let f = -593 - -656. Calculate the greatest common divisor of 735 and f.
21
Suppose -316 = -31*s + 149. Calculate the highest common divisor of 1335 and s.
15
Suppose 0 = -2*d + 164 + 88. Let w = -55 + 79. Let n be 18/w - (-69)/4. What is the highest common factor of d and n?
18
Suppose -1642 = -8*q + 182. What is the greatest common divisor of 76 and q?
76
Let y(s) = s**2 - 11*s + 33. Let w be y(4). Suppose w*g - 2*g = 156. What is the highest common divisor of g and 104?
52
Let l = 1022 + -994. Suppose 3*s - 196 = 2*s. Calculate the greatest common factor of l and s.
28
Suppose 0 = -5*v - p + 115, -2*p - 57 = -5*v + 43. Calculate the highest common divisor of 143 and v.
11
Let r = -66 + 57. Let x = 17 - r. Calculate the greatest common divisor of x and 26.
26
Suppose -1 = -12*h + 47. Let d be (-155)/(-10)*1/2*h. What is the highest common divisor of 248 and d?
31
Let i be 5 + (-159)/(-3) + 4/(-2). What is the highest common factor of i and 21?
7
Let v be (8 + 0)*(-30)/(-12). Suppose r - 6*r = v. Let y(w) = w**2 + 4*w + 6. Let o be y(r). Calculate the highest common divisor of 4 and o.
2
Let g(n) be the second derivative of -3/2*n**2 - 4*n + 0 + 1/2*n**3 + 1/20*n**5 + 7/12*n**4. Let l be g(-5). What is the highest common divisor of 352 and l?
32
Let m(p) = -p**2 + 7*p - 2. Let t be m(6). Let g = 48 + -6. Suppose -h - g = -t*h. Calculate the highest common divisor of h and 14.
14
Suppose -2*w - 918 = -5*u + 381, 1026 = 4*u + 5*w. What is the greatest common factor of 7 and u?
7
Let y(t) = -t**3 + 19*t**2 - 17*t + 5. Let k be y(18). What is the highest common factor of k and 23?
23
Let z = 206 - 170. What is the greatest common factor of 24 and z?
12
Let y be 4 - ((-2)/6 - 182/(-42)). Let c be y + 1 - 3 - (-30)/10. Calculate the greatest common divisor of c and 19.
1
Let h be (-1)/3*(-52 - -1). Suppose f + 17 = -5*l, 3*l - 4 = 7*l. Let b be 3/f - 69/(-4). What is the highest common factor of b and h?
17
Let p = 4355 - 4166. Suppose 0 = -3*l - 4*n + 75, 2*l - 52 = 2*n - 16. Calculate the greatest common divisor of p and l.
21
Suppose -t + o + 3*o - 18 = 0, -5*t - 10 = -4*o. Calculate the greatest common divisor of t and 54.
2
Suppose 0 = 578*m - 579*m + 288. Calculate the highest common divisor of 90 and m.
18
Let m = -5653 + 8093. Calculate the greatest common factor of 10 and m.
10
Let a(o) = 5*o + 22. Let f be a(-10). Let k be (24/f)/(6/(-21)). What is the greatest common factor of 21 and k?
3
Let y = 15 + -10. Suppose 0 = y*g - 3*h - 27 - 61, -4*g + 76 = -h. Suppose c - 12 = -11, 4*l + 9*c - 29 = 0. What is the highest common divisor of g and l?
5
Suppose -29*c + 24*c = -130. Let x(m) = -25*m + 6. Let q be x(-6). Calculate the greatest common divisor of c and q.
26
Suppose 0*h - 166 = -6*b + h, 2*b = 5*h + 46. What is the highest common factor of 35 and b?
7
Let k(q) = -13*q**2 + 3*q - 22. Let x(a) = -40*a**2 + 8*a - 65. Let l(s) = 11*k(s) - 4*x(s). Let j be l(4). Calculate the greatest common factor of j and 49.
49
Let t(s) = 2*s**3 + 27*s**2 - 261*s - 4. Let x be t(-20). Let m = 33 + 79. What is the highest common factor of m and x?
16
Let m be 7*(-3 - 47/(-7)). Calculate the greatest common factor of 221 and m.
13
Suppose r + 21 = j - 4*j, -r = -j - 3. Let f = j + 8. Suppose f = x - 9. Calculate the greatest common divisor of 11 and x.
11
Let z(m) = m - 3. Let p be z(6). Let t = p - -37. Suppose -7 = -2*o + 3*v, 0*o - 37 = -5*o + v. Calculate the greatest common divisor of o and t.
8
Let x be 900/16 + (1 - 7/28). Calculate the greatest common divisor of 931 and x.
19
Let c(d) = -2*d - 3. Let m be c(-2). Let b = 7 + m. Let h(x) = x**3 - 5*x**2 - 8*x - 8. Let n be h(b). What is the greatest common divisor of 15 and n?
15
Suppose 264*u - 735 = 215*u. What is the highest common factor of 2055 and u?
15
Let f = 15 - 27. Let n be (f - 3)*(-5 + 4). Calculate the highest common factor of n and 15.
15
Let z(l) = l**2 + 4*l + 2. Let r be z(-7). Let d(a) = 21*a - 1. Suppose -14 = -2*u + 8. Let p be d(u). What is the greatest common factor of p and r?
23
Let x(d) = -5*d - 29. Suppose -2*o + 2 = 20. Let f be x(o). Calculate the highest common factor of 80 and f.
16
Let s = -3112 - -3126. Suppose -5*u + 2*h = -64, 2*u - 3*h = -0*u + 19. What is the highest common divisor of u and s?
14
Let g(l) = 5*l - 181. Let b be g(45). Calculate the highest common factor of b and 836.
44
Let b(v) = 35 - 18 - 3*v + 2*v. Let n be b(9). Let c = n - 3. Calculate the highest common factor of 35 and c.
5
Let v(u) = u**3 - 10*u**2 - u + 13. Let n be v(10). Let a be 3*(n + -8)*1/(-1). 